{"id":39251,"date":"2022-11-18T11:52:13","date_gmt":"2022-11-18T11:52:13","guid":{"rendered":"https:\/\/gurbacka.pl\/ecom\/?page_id=39251"},"modified":"2022-12-06T15:12:25","modified_gmt":"2022-12-06T15:12:25","slug":"black","status":"publish","type":"page","link":"https:\/\/gurbacka.pl\/ecom\/black\/","title":{"rendered":"Nowe przepisy promocja"},"content":{"rendered":"<h2>\u201e100 NOWYCH przepis\u00f3w na pyszne posi\u0142ki I 14-DNIOWY PLAN DIETY, Kt\u00f3RA DAJE WIDOCZNE EFEKTY&#8221;&#8230;<\/h2>\n<h2>TYLKO ZA 7 Z\u0141&nbsp; ZAMIAST 97 Z\u0141<\/h2>\n<h2>Pracuj\u0105ca z domu 45-latka, przedstawia przepisy na banalnie proste posi\u0142ki, kt\u00f3re mo\u017cna wkomponowa\u0107 w ka\u017cd\u0105 diet\u0119&#8230;<\/h2>\n<p><img fetchpriority=\"high\" decoding=\"async\" src=\"https:\/\/gurbacka.pl\/ecom\/wp-content\/uploads\/2022\/10\/cropped-kasiaface-300x300-1-1.png\" alt=\"\" title=\"cropped-kasiaface-300x300-1-1\" width=\"300\" height=\"300\" data-op3-attachment-id=\"38136\" \/><\/p>\n<h2>Katarzyna Gurbacka, autorka przepis\u00f3w.<\/h2>\n<p><a target=\"_self\" data-op-action=\"popoverlay\" data-op-popoverlay-trigger=\"3QLEWWOJ\" data-op3-smooth-scroll=\"0\" href=\"#\" rel=\"noopener\"><img decoding=\"async\" src=\"https:\/\/gurbacka.pl\/ecom\/wp-content\/uploads\/2022\/04\/oklad.jpg\" alt=\"\" title=\"oklad\" width=\"1248\" height=\"1614\" data-op3-attachment-id=\"27540\" \/><\/a><\/p>\n<h2>TERAZ TYLKO 7 Z\u0141!<\/h2>\n<p><a class=\"op3-background-ancestor\" target=\"_self\" data-op-action=\"popoverlay\" data-op-popoverlay-trigger=\"3QLEWWOJ\" data-op-animation-trigger=\"none\" data-op-animation-style=\"\" data-op-animation-loop=\"0\" data-op-timer-minutes=\"0\" data-op-timer-seconds=\"0\" data-op3-smooth-scroll=\"0\" data-op-effect-style=\"\" data-op-effect-style-hover=\"\" data-op-courseaction=\"\" href=\"#\" rel=\"noopener\">KUP TERAZ !<\/a><\/p>\n<p>Przede wszystkim to nie jest typowa ksi\u0105\u017cka kucharska. Taka, jakich przeczyta\u0142a\u015b ju\u017c pewnie mn\u00f3stwo. Nie ma w niej lania wody \u2013 tylko najlepsze przepisy i wypr\u00f3bowane w boju sposoby, kt\u00f3re dzia\u0142aj\u0105.<\/p>\n<p>I wszystko jest bardzo \u0142atwe.<\/p>\n<p>Wszystkie &nbsp;informacje zawar\u0142am na 100 stronach, kt\u00f3re przeczytasz jeszcze dzi\u015b wieczorem. Od razu po przeczytaniu zrozumiesz, dlaczego to przepisy dzia\u0142aj\u0105 i jak nie wiele wysi\u0142ku potrzeba, aby zago\u015bci\u0142y te\u017c na Twoim stole.<\/p>\n<p>No i od razu b\u0119dziesz mog\u0142a ugotowa\u0107 sobie co\u015b zdrowego i pysznego.<\/p>\n<h2>Zobacz tylko, co DLA CIEBIE PRZYGOTOWA\u0141AM\u2026<br \/>\n<\/h2>\n<p>11 przepis\u00f3w na zupy, kt\u00f3re s\u0105 szybkie i \u0142atwe do przygotowania, zawieraj\u0105 mn\u00f3stwo witamin i b\u0142onnika, kt\u00f3ry reguluje prac\u0119 przewodu pokarmowego.&nbsp;<\/p>\n<\/p>\n<p><img decoding=\"async\" src=\"https:\/\/gurbacka.pl\/ecom\/wp-content\/uploads\/2022\/04\/groszkowa.jpg\" alt=\"\" title=\"groszkowa\" width=\"1244\" height=\"1612\" data-op3-attachment-id=\"27543\" \/>Ekspresowa zupa marchewkowa &#8211; strona 6B\u0142yskawiczny krem z cukinii i kolendry &#8211; strona 6Kapu\u015bniak z pomidorami &#8211; strona 7B\u0142yskawiczna zupa z soczewicy &#8211; strona 8Krem z pieczonej papryki i pomidor\u00f3w &#8211; strona 9Zupa broku\u0142owo-groszkowa &#8211; strona 11Zupa krem z cukinii i zielonej soczewicy &#8211; strona 12Zupa krem z dyni i czerwonej soczewicy &#8211; strona 13Zupa czosnkowa z grillowanym boczkiem &#8211; strona 14Zupa meksyka\u0144ska &#8211; strona 15<\/p>\n<p>10 przepis\u00f3w na koktajle. Koktajl to idealny spos\u00f3b na szybkie drugie \u015bniadanie, posi\u0142ek po treningu, przek\u0105sk\u0119 lub orze\u017awiaj\u0105cy deser. S\u0105 cennym \u017ar\u00f3d\u0142em b\u0142onnika i dzi\u0119ki nim \u0142atwo mo\u017cemy przemyci\u0107 do diety warto\u015bciowe produkty, kt\u00f3rych nie lubimy w sta\u0142ej postaci. Nie ka\u017cdy przecie\u017c jest fanem jarmu\u017cu, buraka czy selera naciowego a w postaci koktajlu z dodatkiem owoc\u00f3w s\u0105 bardzo smaczne.<\/p>\n<p><img loading=\"lazy\" decoding=\"async\" src=\"https:\/\/gurbacka.pl\/ecom\/wp-content\/uploads\/2022\/04\/koktajl.jpg\" alt=\"\" title=\"koktajl\" width=\"1244\" height=\"1612\" data-op3-attachment-id=\"27544\" \/>Koktajl kawowy &#8211; strona 17Koktajl jagodowy &#8211; strona 18Koktajl z buraka, marchewki i jab\u0142ka &#8211; strona 19Koktajl z nasionami chia &#8211; strona 19Zielony koktajl &#8211; strona 20Koktajl ze szpinakiem i pomara\u0144cz\u0105 &#8211; strona 21Koktajl chlorofilowy &#8211; strona 21Koktajl czekoladowy z awokado &#8211; strona 22Koktajl \u015bniadaniowy z bor\u00f3wkami, bananem i mas\u0142em orzechowym &#8211; strona 23Przeciwzapalny nap\u00f3j z korzenia imbiru, kurkumy i cytryny &#8211; strona 24<\/p>\n<p>11 przepis\u00f3w na sa\u0142atki.&nbsp;Sa\u0142atka do doskona\u0142y pomys\u0142 na posi\u0142ek do pracy lub szko\u0142y &#8211; mo\u017cna przygotowa\u0107 j\u0105 dzie\u0144 wcze\u015bniej i zabra\u0107 w pude\u0142eczku. Sprawdzi si\u0119 jako posi\u0142ek os\u00f3b na diecie, gdy\u017c z regu\u0142y zawiera mn\u00f3stwo warzyw, a wi\u0119c jest bogatym \u017ar\u00f3d\u0142em witamin i b\u0142onnika.<\/p>\n<p>Sa\u0142atk\u0119 mo\u017cna przygotowa\u0107 te\u017c w bardziej tre\u015bciwej wersji z dodatkiem pe\u0142nowarto\u015bciowych w\u0119glowodan\u00f3w &#8211; kasz, br\u0105zowego ry\u017cy czy makaronu oraz z ulubionym dodatkiem bia\u0142kowym &#8211; mi\u0119sem, ryb\u0105 lub nasionami ro\u015blin str\u0105czkowych.<\/p>\n<\/p>\n<p><img loading=\"lazy\" decoding=\"async\" src=\"https:\/\/gurbacka.pl\/ecom\/wp-content\/uploads\/2022\/04\/salatka.jpg\" alt=\"\" title=\"salatka\" width=\"1244\" height=\"1608\" data-op3-attachment-id=\"27546\" \/>Aromatyczna sa\u0142atka z komos\u0105 ry\u017cow\u0105 i pomidorem &#8211; strona 26Sa\u0142atka z buraka i og\u00f3rka kiszonego &#8211; strona 27Sa\u0142atka wiosenna ze szpinakiem &#8211; strona 28Sa\u0142atka z awokado i pietruszkowym pesto &#8211; strona 29Sa\u0142atka z burakiem i pestkami dyni &#8211; strona 29Sa\u0142atka z fasolk\u0105 szparagow\u0105 i jajkiem &#8211; strona 30Sa\u0142atka z w\u0105tr\u00f3bk\u0105 &#8211; strona 31Sa\u0142atka z grillowanej papryki i cukinii &#8211; strona 32Sa\u0142atka z bak\u0142a\u017canem i szpinakiem &#8211; strona 33Sa\u0142atka z jajkiem i batatem &#8211; strona 33Sa\u0142atka z krewetkami i szparagami &#8211; strona 34<\/p>\n<p>11 Przepis\u00f3w na s\u0142odko\u015bci.&nbsp;Wprowadzaj\u0105c zbyt du\u017ce restrykcje i eliminuj\u0105c wiele produkt\u00f3w jeste\u015bmy bardziej nara\u017ceni na pora\u017ck\u0119 a pokusy, kt\u00f3re czyhaj\u0105 na ka\u017cdym kroku b\u0119d\u0105 du\u017ce trudniejsze do opanowania.Dlatego w\u0142a\u015bnie nie nale\u017cy rezygnowa\u0107 ze s\u0142odko\u015bci b\u0119d\u0105c na diecie. Mo\u017cna sobie pozwoli\u0107 na ciasteczka, babeczki, batoniki i zdrowe desery. Wystarczy tylko troch\u0119 zmieni\u0107 spos\u00f3b ich przygotowania.<\/p>\n<\/p>\n<p><img loading=\"lazy\" decoding=\"async\" src=\"https:\/\/gurbacka.pl\/ecom\/wp-content\/uploads\/2022\/04\/batonik.jpg\" alt=\"\" title=\"batonik\" width=\"1244\" height=\"1608\" data-op3-attachment-id=\"27548\" \/>Ciasto czekoladowe z fasoli &#8211; strona 36Batonik czekoladowy z mas\u0142em migda\u0142owym i amarantusem &#8211; strona 37Baton kakaowo-kokosowy &#8211; strona 38Batoniki morelowe love &#8211; strona 39Proteinowe brownie &#8211; strona 40Zielony baton z czekolad\u0105 i pistacjami &#8211; strona 41Baton z pra\u017conym s\u0142onecznikiem, makiem i miodem &#8211; strona 42Kulki Mocy &#8211; strona 43Zielone s\u0142odkie kulki &#8211; strona 44Czekoladki daktylowe love &#8211; strona 45Czekoladowe ciasto bananowe &#8211; strona 46<\/p>\n<p>23 Przepisy na \u015bniadania na s\u0142odko i wytrawne.&nbsp;Bez wzgl\u0119du na to czy lubicie \u015bniadania na s\u0142odko czy wolicie wytrawne smaki, musicie zadba\u0107 o to, aby \u015bniadanie zawiera\u0142o pe\u0142nowarto\u015bciowe w\u0119glowodany, kt\u00f3re b\u0119d\u0105 si\u0119 uwalnia\u0107 przez kolejne godziny dodaj\u0105c Wam si\u0142y do pracy.<\/p>\n<\/p>\n<h2>NA S\u0141ODKO:<\/h2>\n<p><img loading=\"lazy\" decoding=\"async\" src=\"https:\/\/gurbacka.pl\/ecom\/wp-content\/uploads\/2022\/04\/nalesniki.jpg\" alt=\"\" title=\"nalesniki\" width=\"1238\" height=\"1608\" data-op3-attachment-id=\"27549\" \/>Jaglanka z mango &#8211; strona 48Chia z malinami &#8211; strona 48Czekoladowe pieczone nale\u015bniki &#8211; strona 49Placki jab\u0142kowo-bananowe &#8211; strona 50Komosa ry\u017cowa z miodem i gruszk\u0105 &#8211; strona 51Kokosowy budy\u0144 jaglany &#8211; strona 51Owsianka ze sma\u017conym bananem &#8211; strona 52Bia\u0142kowa owsianka o smaku brownie &#8211; strona 53Tosty francuskie &#8211; strona 54Pieczona owsianka z malinami &#8211; strona 55Rabarbar i truskawki pod owsian\u0105 kruszonk\u0105 &#8211; strona 56Nocna owsianka z bananem &#8211; strona 56<\/p>\n<h2>WYTRAWNE:<\/h2>\n<p><img loading=\"lazy\" decoding=\"async\" src=\"https:\/\/gurbacka.pl\/ecom\/wp-content\/uploads\/2022\/04\/Zrzut-ekranu-2022-04-21-o-10.49.04-2.jpg\" alt=\"\" title=\"Zrzut ekranu 2022-04-21 o 10.49.04-2\" width=\"1238\" height=\"1572\" data-op3-attachment-id=\"27551\" \/>Pasta z bobu do chleba &#8211; strona 57Pasta z w\u0105tr\u00f3bki &#8211; strona 58Muffiny z ziemniak\u00f3w &#8211; strona 59Gofry z cukini\u0105 i papryk\u0105 &#8211; strona 60Owsianka z sadzonym jajkiem &#8211; strona 61Omlet z broku\u0142ami i papryk\u0105 &#8211; strona 62Szparagi z jajkiem sadzonym &#8211; strona 62Omlet z \u0142ososiem w\u0119dzonym &#8211; strona 63Omlet z pieczarkami i szpinakiem &#8211; strona 64Szakszuka &#8211; strona 65Kulki ry\u017cowe z tu\u0144czykiem &#8211; strona 66<\/p>\n<p>34 przepisy na obiady.&nbsp;Obiady na diecie nie musz\u0105 by\u0107 nudne i niesmaczne.<\/p>\n<p>Zapominamy o suchym kurczaku z ry\u017cem bez sosu! Od teraz mo\u017cecie si\u0119 cieszy\u0107 mn\u00f3stwem pysznych da\u0144, kt\u00f3re polubi ca\u0142a rodzina. Mo\u017cecie je przygotowa\u0107 nie tylko podczas odchudzania, ale wprowadzi\u0107 do swojej diety na sta\u0142e.&nbsp;<\/p>\n<p>Wa\u017cne, aby podczas przygotowywania obiad\u00f3w zwr\u00f3ci\u0107 uwag\u0119 na kilka szczeg\u00f3\u0142\u00f3w.<\/p>\n<p>Po pierwsze obr\u00f3bka termiczna potraw \u2013 unikamy sma\u017cenia, duszenia potraw w t\u0142uszczu a zamiast tego gotujemy, pieczemy i przygotowujemy potrawy na parze.<\/p>\n<p>Po drugie \u2013 ograniczamy t\u0142uszcz. Oczywi\u015bcie t\u0142uszcz jest no\u015bnikiem smaku oraz warto\u015bciowym sk\u0142adnikiem codziennej diety ale p\u00f3\u0142 szklanki nawet zdrowego oleju czy oliwy nie jest potrzebne do przygotowania obiadu i na pewno nie wyjdzie nam na zdrowie.<\/p>\n<p>Po trzecie \u2013 dodajemy do ka\u017cdego obiady du\u017co warzyw. To \u017ar\u00f3d\u0142o witamin, b\u0142onnika i cennych sk\u0142adnik\u00f3w mineralnych. Ponadto du\u017ca ilo\u015b\u0107 warzyw na ma\u0142o kalorii a nasyci nas na d\u0142ugi czas.<\/p>\n<p>Po czwarte \u2013 jemy r\u00f3\u017cnorodnie. Do posi\u0142k\u00f3w wybieramy r\u00f3\u017cne warzywa, r\u00f3\u017cne rodzaje mi\u0119s, ryby, ro\u015bliny str\u0105czkowe. Ka\u017cdy produkt w diecie ma znaczenie, ka\u017cdy zawiera inne cenne dla naszego organizmu sk\u0142adniki i zapewnia nam zdrowie i \u015bwietne samopoczucie.<\/p>\n<\/p>\n<h2>OBIADY MI\u0118SNE:<\/h2>\n<p><img loading=\"lazy\" decoding=\"async\" src=\"https:\/\/gurbacka.pl\/ecom\/wp-content\/uploads\/2022\/04\/kieszonki.jpg\" alt=\"\" title=\"kieszonki\" width=\"1238\" height=\"1612\" data-op3-attachment-id=\"27557\" \/>Pier\u015b z kurczaka z warzywami i curry &#8211; strona 68Chi\u0144szczyzna &#8211; strona 69Kieszonki z piersi kurczaka z broku\u0142ami i pieczarkami &#8211; strona 70Zapiekanka z batat\u00f3w i mi\u0119sa mielonego &#8211; strona 71Kokosowy gulasz z kurczakiem i warzywami &#8211; strona 72Papryka faszerowana kasz\u0105 jaglan\u0105 i mi\u0119sem mielonym &#8211; strona 73Pieczone pulpety z cukini\u0105 &#8211; strona 74Pizza z kurczakiem i warzywami &#8211; strona 75Gulasz wo\u0142owy z dyni\u0105 i fasol\u0105 &#8211; strona 76Udko pieczone z pieczarkami &#8211; strona 77Burgery z kurczaka na sa\u0142acie &#8211; strona 78Bitki wo\u0142owe z papryk\u0105 &#8211; strona 79Makaron ze szpinakiem i kurczakiem &#8211; strona 79<\/p>\n<h2>OBIAdy Z RYB\u0104:<\/h2>\n<p><img loading=\"lazy\" decoding=\"async\" src=\"https:\/\/gurbacka.pl\/ecom\/wp-content\/uploads\/2022\/04\/losos.jpg\" alt=\"\" title=\"losos\" width=\"1238\" height=\"1612\" data-op3-attachment-id=\"27559\" \/>Zapiekanka z \u0142ososia i cukinii &#8211; strona 80\u0141oso\u015b z warzywami w sosie Teriyaki &#8211; strona 81Makaron ry\u017cowy z \u0142ososiem i szparagami &#8211; strona 82Ryba w sosie z pomidor\u00f3w, papryki i czosnku &#8211; strona 83Ryba pieczona w papilotach z bak\u0142a\u017canem i pomidorem &#8211; strona 84Pieczony \u0142oso\u015b z warzywami &#8211; strona 85Pstr\u0105g pieczony w pergaminie z rozmarynem i cytryn\u0105 &#8211; strona 86\u0141oso\u015b gotowany na parze z warzywami &#8211; strona 86Dorsz duszony w sosie curry &#8211; strona 87Krewetki z cukini\u0105 i pomidorami &#8211; strona 88<\/p>\n<h2>OBIAdy Z WEGETARIA\u0143SKIE:<\/h2>\n<p><img loading=\"lazy\" decoding=\"async\" src=\"https:\/\/gurbacka.pl\/ecom\/wp-content\/uploads\/2022\/04\/Zrzut-ekranu-2022-04-21-o-11.10.11-2.jpg\" alt=\"\" title=\"Zrzut ekranu 2022-04-21 o 11.10.11-2\" width=\"1238\" height=\"1612\" data-op3-attachment-id=\"27561\" \/>Kasza jaglana z papryk\u0105 i cukini\u0105 &#8211; strona 89Gulasz warzywny &#8211; strona 90Gulasz ze szpinakiem, soczewic\u0105 i ry\u017cem &#8211; strona 91Makaron w sosie pomidorowym &#8211; strona 92Spaghetti z cukinii z bazyliowym pesto &#8211; strona 93Bezmi\u0119sna fasolka po breto\u0144sku &#8211; strona 95Curry z kalafiorem &#8211; strona 96Warzywa pieczone z sosem i komos\u0105 &#8211; strona 97Pieczone warzyw w marynacie z imbiru i miodu &#8211; strona 99<\/p>\n<p>Wszystkie przepisy maj\u0105 dok\u0142adnie policzone kalorie i makrosk\u0142adniki, czyli ilo\u015b\u0107 bia\u0142ka, w\u0119glowodan\u00f3w i t\u0142uszczy na porcj\u0119. Dzi\u0119ki temu z \u0142atwo\u015bci\u0105 wkomponujesz je w swoj\u0105 diet\u0119.&nbsp;<\/p>\n<p>Ale to nie wszystko.<\/p>\n<\/p>\n<h2>14 DNIOWY PLAN ZDROWEGO OD\u017bYWIANIA&nbsp;<\/h2>\n<p><img loading=\"lazy\" decoding=\"async\" src=\"https:\/\/gurbacka.pl\/ecom\/wp-content\/uploads\/2022\/04\/Zrzut-ekranu-2022-04-21-o-11.55.41-2-1024x666.jpg\" alt=\"\" title=\"Zrzut ekranu 2022-04-21 o 11.55.41-2\" width=\"980\" height=\"637\" data-op3-attachment-id=\"27566\" \/><img loading=\"lazy\" decoding=\"async\" src=\"https:\/\/gurbacka.pl\/ecom\/wp-content\/uploads\/2022\/04\/Zrzut-ekranu-2022-04-21-o-11.55.54-2-1024x666.jpg\" alt=\"\" title=\"Zrzut ekranu 2022-04-21 o 11.55.54-2\" width=\"980\" height=\"637\" data-op3-attachment-id=\"27565\" \/><\/p>\n<\/p>\n<p>Je\u015bli chcesz zacz\u0105\u0107 zdrowe odchudzanie i w dodatku &nbsp;zobaczy\u0107 efekty , to ten plan jest dla Ciebie.<\/p>\n<p>Dostajesz:<\/p>\n<p>Plan Posi\u0142k\u00f3w na 14 dni&nbsp;w wersji z mi\u0119sem i wegetaria\u0144ski. Ka\u017cda wersja w 5 kaloryczno\u015bciach: 1400, 1600, 1800, 2000, 2200.<br \/>\n Ponad 40 dodatkowych przepis\u00f3w kulinarnych, kt\u00f3re zaplanowa\u0142am tak,&nbsp;aby\u015b nie musia\u0142a du\u017co czasu sp\u0119dza\u0107 w kuchni.&nbsp;Przepisy maj\u0105 policzon\u0105 kaloryczno\u015b\u0107 i sk\u0142adniki od\u017cywcze min. w\u0119glowodany, dlatego nawet osoby cierpi\u0105ce na cukrzyc\u0119, mog\u0105 je stosowa\u0107.&nbsp;<br \/>\nLista posi\u0142k\u00f3w do przypi\u0119cia &#8220;na lod\u00f3wk\u0119&#8221;, dzi\u0119ki czemu zawsze b\u0119dziesz wiedzia\u0142a co masz zje\u015b\u0107.List\u0119 zakup\u00f3w, dzi\u0119ki kt\u00f3rej&nbsp;potrzebne produkty b\u0119dziesz mia\u0142a zawsze pod r\u0119k\u0105 i&nbsp;unikniesz zast\u0119powania ich czym\u015b niezdrowym.&nbsp;List\u0119 zamiennik\u00f3w, gdyby\u015b nie mia\u0142a lub nie lubi\u0142a jakich\u015b sk\u0142adnik\u00f3w.<\/p>\n<\/p>\n<h2>Co zrobi\u0107, aby otrzyma\u0107 te przepisy&nbsp;i plan diety?<br \/>\n<\/h2>\n<p>Przygotowa\u0142am dla Ciebie specjaln\u0105 atrakcyjn\u0105&nbsp; cen\u0119<\/p>\n<p>Koszt skutecznej, 14-dniowej diety wraz z pysznymi przepisami, opracowanej przez specjalist\u0119 dietetyka&nbsp;to conajmniej 300 z\u0142.&#8221;Nowe przepisy na zdrowe odchudzanie&#8221; zamierzam normalnie sprzedawa\u0107 za cen\u0119 nawet wy\u017csz\u0105 ni\u017c 100 z\u0142.<\/p>\n<p>Razem daje nam to ca\u0142kiem spor\u0105 warto\u015b\u0107 400 z\u0142, ale je\u015bli szybko podejmiesz decyzje, to dzisiaj wszystko mo\u017ce by\u0107 Twoje za jedyne 7 z\u0142.<\/p>\n<p>Wystarczy, \u017ce klikniesz przycisk poni\u017cej i z\u0142o\u017cysz zam\u00f3wienie. Wszystko jest w formacie elektronicznym (*pdf) i zostanie wys\u0142ane, natychmiast po przyj\u0119ciu wp\u0142aty na adres email podany w zam\u00f3wieniu (trwa to zazwyczaj kilka sekund).<\/p>\n<\/p>\n<h2>TERAZ TYLKO 7 Z\u0141&nbsp;<\/h2>\n<p><a class=\"op3-background-ancestor\" target=\"_self\" data-op-action=\"popoverlay\" data-op-popoverlay-trigger=\"3QLEWWOJ\" data-op-animation-trigger=\"none\" data-op-animation-style=\"\" data-op-animation-loop=\"0\" data-op-timer-minutes=\"0\" data-op-timer-seconds=\"0\" data-op3-smooth-scroll=\"0\" data-op-effect-style=\"\" data-op-effect-style-hover=\"\" data-op-courseaction=\"\" href=\"#\" rel=\"noopener\">KUP TERAZ !<\/a><\/p>\n<h2>Nie ma \u017cadnych haczyk\u00f3w<br \/>\n<\/h2>\n<p>Wiem, \u017ce s\u0105 w Internecie strony, kt\u00f3re oferuj\u0105 atrakcyjne rzeczy w super cenach lub za darmo, a potem jak kto\u015b ju\u017c skorzysta, to domagaj\u0105 si\u0119 np. miesi\u0119cznej op\u0142aty.<\/p>\n<p>Tutaj to ci\u0119 nie spotka.<\/p>\n<p>Nie ma tu \u017cadnych haczyk\u00f3w, ani \u017cadnych zobowi\u0105za\u0144 z Twojej strony. Daj\u0119 Ci te przepisy i&nbsp; 14 dniowy plan zdrowego od\u017cywiania jedynie za 7 z\u0142, poniewa\u017c, chc\u0119 w\u0142o\u017cy\u0107 stop\u0119 w drzwi i przekona\u0107 Ci\u0119, \u017ce to, o czym pisz\u0119, ma prawdziw\u0105 warto\u015b\u0107.<\/p>\n<p>Mam nadziej\u0119, \u017ce b\u0119dzie to pocz\u0105tek naszej d\u0142u\u017cszej, owocnej &nbsp;wsp\u00f3\u0142pracy.<\/p>\n<\/p>\n<h2>GWARANCJA ZADOWOLENIA<\/h2>\n<p>Dodatkowo daj\u0119 Ci jeszcze moj\u0105:<\/p>\n<p>Niesamowit\u0105 GWARANCJ\u0118 zadowolenia!<\/p>\n<p>Gwarantuj\u0119 Ci na 100% , \u017ce b\u0119dziesz zachwycona tymi przepisami i 14 dniowym planem diety, albo oddam Ci Twoje 7 z\u0142, a Ty i tak b\u0119dziesz mog\u0142a wszystko zatrzyma\u0107.<\/p>\n<p>Tak, to prawda. Nie musisz nic odsy\u0142a\u0107, bo przecie\u017c to s\u0105 materia\u0142y elektroniczne. Wystarczy, \u017ce wy\u015blesz mi maila, a ja zwr\u00f3c\u0119 Ci Twoje 7 z\u0142.<\/p>\n<p>Czy to uczciwa propozycja?<\/p>\n<p>Oferta ju\u017c za kilka godzin straci wa\u017cno\u015b\u0107, wi\u0119c zam\u00f3w swoj\u0105 kopi\u0119, zanim b\u0119dzie za p\u00f3\u017ano.<\/p>\n<p>Dzi\u0119kuj\u0119 Ci za czas, kt\u00f3ry dla mnie po\u015bwi\u0119ci\u0142a\u015b.<\/p>\n<p>Katarzyna Gurbacka<\/p>\n<p>PS.&nbsp;Je\u015bli jeste\u015b jedn\u0105 z tych os\u00f3b (tak\u0105 jak ja), kt\u00f3ra czyta tylko tytu\u0142 i koniec artyku\u0142u, to poni\u017cej znajdziesz kr\u00f3tkie podsumowanie.<\/p>\n<\/p>\n<p>Wysy\u0142am Ci \u201e100 NOWYCH przepis\u00f3w na pyszne posi\u0142ki i 14 dniowy plan zdrowego od\u017cywiania\u201d<\/p>\n<\/p>\n<p>Wszystko kosztuje tylko 7 z\u0142, ale oferta jest wa\u017cna jeszcze tylko przez kilka godzin.<\/p>\n<\/p>\n<p>Nie ma \u017cadnych haczyk\u00f3w. Nie ma \u017cadnych zobowi\u0105za\u0144 z Twojej strony. \u017badnych p\u00f3\u017aniejszych ukrytych op\u0142at ani nic takiego.<\/p>\n<\/p>\n<p>W dodatku, je\u015bli przepisy Ci si\u0119 nie spodobaj\u0105,&nbsp; to wystarczy, \u017ce do mnie napiszesz, a ja zwr\u00f3c\u0119 Ci Twoje 97 z\u0142otych. Oczywi\u015bcie, nie musisz mi nic odsy\u0142a\u0107, bo to s\u0105 materia\u0142y elektroniczne.<\/p>\n<\/p>\n<p><a data-op-action=\"popoverlay\" data-op-popoverlay-trigger=\"3QLEWWOJ\" href=\"#\">Kliknij tutaj, aby kupi\u0107 przepisy i plan diety<\/a>. Nie po\u017ca\u0142ujesz<\/p>\n<\/p>\n<p style=\"text-align: center;\"><a href=\"https:\/\/gurbacka.pl\/ecom\/polityka-prywatnosci-3\/\">polityka prywatno\u015bci<\/a>&nbsp;&#8211;&nbsp;<a href=\"https:\/\/gurbacka.pl\/ecom\/regulamin\/\">regulamin<\/a>&nbsp;&#8211;&nbsp;<a href=\"https:\/\/gurbacka.pl\/kontakt\/\">kontakt<\/a><\/p>\n","protected":false},"excerpt":{"rendered":"<p>\u201e100 NOWYCH przepis\u00f3w na pyszne posi\u0142ki I 14-DNIOWY PLAN DIETY, Kt\u00f3RA DAJE WIDOCZNE EFEKTY&#8221;&#8230; TYLKO ZA 7 Z\u0141&nbsp; ZAMIAST 97 Z\u0141 Pracuj\u0105ca z domu 45-latka, przedstawia przepisy na banalnie proste posi\u0142ki, kt\u00f3re mo\u017cna wkomponowa\u0107 w ka\u017cd\u0105 diet\u0119&#8230; Katarzyna Gurbacka, autorka przepis\u00f3w. TERAZ TYLKO 7 Z\u0141! KUP TERAZ ! Przede wszystkim to nie jest typowa ksi\u0105\u017cka [&hellip;]<\/p>\n","protected":false},"author":1,"featured_media":0,"parent":0,"menu_order":0,"comment_status":"closed","ping_status":"closed","template":"op_builder_blank","meta":{"footnotes":""},"class_list":["post-39251","page","type-page","status-publish","hentry"],"_links":{"self":[{"href":"https:\/\/gurbacka.pl\/ecom\/wp-json\/wp\/v2\/pages\/39251","targetHints":{"allow":["GET"]}}],"collection":[{"href":"https:\/\/gurbacka.pl\/ecom\/wp-json\/wp\/v2\/pages"}],"about":[{"href":"https:\/\/gurbacka.pl\/ecom\/wp-json\/wp\/v2\/types\/page"}],"author":[{"embeddable":true,"href":"https:\/\/gurbacka.pl\/ecom\/wp-json\/wp\/v2\/users\/1"}],"replies":[{"embeddable":true,"href":"https:\/\/gurbacka.pl\/ecom\/wp-json\/wp\/v2\/comments?post=39251"}],"version-history":[{"count":22,"href":"https:\/\/gurbacka.pl\/ecom\/wp-json\/wp\/v2\/pages\/39251\/revisions"}],"predecessor-version":[{"id":39301,"href":"https:\/\/gurbacka.pl\/ecom\/wp-json\/wp\/v2\/pages\/39251\/revisions\/39301"}],"wp:attachment":[{"href":"https:\/\/gurbacka.pl\/ecom\/wp-json\/wp\/v2\/media?parent=39251"}],"curies":[{"name":"wp","href":"https:\/\/api.w.org\/{rel}","templated":true}]}}